440*y**3/3 + 97*y**2/2 - y + 36. Is v(7) composite?
False
Let s(l) = -12*l**2 - 2*l + 12. Let b(a) = 11*a**2 + 3*a - 11. Let j(w) = 3*b(w) + 2*s(w). Let c(x) = x - 1. Let h be c(-6). Is j(h) a composite number?
False
Let o = 36943 - 24162. Is o a composite number?
False
Let b(c) = 303*c - 1709. Is b(14) a prime number?
False
Let m(j) = -414*j + 1. Let p(l) = -3*l**2 - 29*l + 11. Let f(k) = -6*k**2 - 58*k + 23. Let c(y) = -3*f(y) + 5*p(y). Let i be c(-10). Is m(i) composite?
False
Let k = 296 + -293. Suppose l - 16886 = -5*q, 2*q - k*l - 6758 = -7*l. Is q composite?
True
Let b(a) = 100*a**3 + 4*a**2 + a - 7. Let i(z) = 198*z**3 + 9*z**2 + 3*z - 14. Let k(j) = -9*b(j) + 4*i(j). Is k(-2) a prime number?
False
Is -6 - (-64940 + 18/(-2)) prime?
False
Let s(a) = -18*a**2 + 4*a + 11. Let y be s(-6). Let l(o) = -216*o + 42. Let k be l(-6). Let n = k + y. Is n a composite number?
False
Let b(y) = -17140 + 17020 - 2*y + 300*y. Is b(17) a prime number?
False
Suppose 58*y - 218*y + 107015200 = 0. Is y prime?
False
Suppose 0 = -f + 69*n - 67*n + 662169, -1986523 = -3*f + 2*n. Is f a prime number?
True
Let b(s) = 12089*s**2 + 11*s + 19. Is b(-2) a prime number?
True
Let k(f) = f**3 + 6*f**2 + 4*f + 26. Let p be k(-6). Suppose -q = p*q - 2*q. Suppose -3*i + 3*n + q*n = -1587, 3*n = 5*i - 2653. Is i a prime number?
False
Let h(v) = -186214*v**3 - 6*v**2 + 7*v + 14. Is h(-1) a composite number?
True
Suppose 0 = 3*i - 6, -p + 1242 = -3*i - 246. Suppose -o + 10663 = p. Is o a prime number?
False
Let l = 1335 - 415. Suppose n = 4*h - n - l, 4*n = -8. Let w = h + -106. Is w composite?
True
Suppose -17*l + 4852542 = -6827257. Is l a composite number?
True
Let r be 4*1 - 4/(-2). Suppose -r*t = -10*t + 7788. Let i = t + -1316. Is i a prime number?
True
Let k = -632167 - -969750. Is k composite?
False
Let x(j) = 3*j**2 + 2*j + 1. Let g be x(-2). Is g/(27/6) - -3717 composite?
False
Let a(t) = 9*t + 292. Suppose 0 = -5*h - 2*b - 8, 8 = 7*h - 11*h - 2*b. Let n be a(h). Suppose 4*x + 361 = 3*i - n, -3*i = 5*x - 608. Is i composite?
False
Let t(b) = -2*b**2 - 13*b - 3. Suppose 0 = -u + 5, 5*v + 5*u = -6 + 1. Let a be t(v). Is ((-1)/a)/((-1)/327) a composite number?
False
Let k(p) = 31 + 2*p**3 + 13 + p - 3610*p**2 + 3600*p**2. Is k(11) a prime number?
False
Suppose -5*f - 31731 = -3*b + 78101, -b - 5*f + 36564 = 0. Is b prime?
True
Let g(w) = 7101*w - 1738. Is g(5) a prime number?
True
Let f(g) = 20*g**2 + 26*g - 3. Let k be f(-20). Suppose -8*v + 1619 = -k. Is v a prime number?
False
Let k be (205*2/15 + -5)/(3/81). Suppose 0 = 5*l + 2070 - 520. Let r = l + k. Is r composite?
False
Is (20/(-170)*17)/(2/(-2229835)) composite?
True
Let l be (1 + (-3)/6)*14. Suppose -l*r - 12 = -11*r. Suppose 4*f + 3*p - 2965 + 146 = 0, -r*p - 9 = 0. Is f a composite number?
True
Let d(i) = -3 - 4*i - 7 + 130*i**2 + 0. Let u be d(-4). Let f = -551 + u. Is f composite?
True
Suppose 0 = -192*k + 6897 + 206991. Is k a prime number?
False
Let i(z) = -z**2 + 8*z - 4. Let h be i(6). Suppose u + 490 = h*u. Suppose -y - b + u = -56, 5*y - 618 = -b. Is y a composite number?
True
Suppose -14*g = 653 - 2053. Let r = 4107 - g. Is r composite?
False
Let h(s) be the first derivative of -3*s**4/2 - 3*s**3 - 7*s**2 - 13*s - 115. Is h(-6) a composite number?
True
Let n = 253644 - 120577. Is n prime?
False
Suppose -p + 4*r + 116877 = 0, 82*p - 2*r - 116885 = 81*p. Is p a prime number?
False
Is 8/((-360)/(-13781817)) + (-40)/(-100) a composite number?
False
Suppose 7668550 + 4327829 = 9*y. Suppose 47*w + 127052 - y = 0. Is w composite?
False
Let d(n) = n - 1. Let h(m) = 77*m + 2. Let l(o) = -2*d(o) + h(o). Let b be l(2). Suppose -3*f + b = 4*f. Is f a prime number?
False
Let j(n) = -1737*n + 1099. Is j(-46) a composite number?
False
Let n(c) be the second derivative of c**7/2520 - c**6/72 - c**5/60 + 3*c**4/2 - 2*c. Let x(m) be the third derivative of n(m). Is x(13) a prime number?
True
Suppose 6649 = 10*m + 37249. Let x = m + 4861. Is x a prime number?
True
Let p(d) = 3075*d**3 - 3*d**2 + 36*d - 299. Is p(8) composite?
False
Let a = 7534999 + -5332514. Is a composite?
True
Let z be ((-2192)/3)/((-2)/9). Suppose -13371 = -9*i + z. Is i a composite number?
True
Let t(a) = a**3 - 6*a**2 - 9*a + 15. Let r be t(7). Is (-1259)/(r/2*(27 - 29)) composite?
False
Let p be (-5)/30*-19846 + 6/(-9). Let h = p - -13296. Is h prime?
True
Suppose 38*d - 19470205 - 18715631 = -14*d. Is d prime?
False
Suppose -i = 207 - 215. Suppose 0*h - i = -4*h. Suppose 0 = 3*s + 6, -2*b + 1310 = h*b + 3*s. Is b a prime number?
False
Let t(y) = y**2 + y - 55. Let a be t(7). Suppose 5*u - 3*o - o - 3401 = 0, o = a. Is u prime?
False
Let c = -105 + 121. Suppose 26*i = c*i + 57490. Is i composite?
False
Let l = -149 + 156. Suppose -2*d + 1874 = 2*c, -921 = 6*c - l*c - 5*d. Is c prime?
True
Suppose 42*q - 38*q + 20 = 0, 3*w + 4*q - 197263 = 0. Is w a composite number?
False
Suppose -3*b + 3*f + 203749 = -859439, b = -3*f + 354376. Is b a prime number?
True
Suppose 9*c - 48 = 51. Suppose 0 = c*b - 618 - 383. Is b a composite number?
True
Is (((-6)/9)/2)/((-5)/(3 - -3278892)) a prime number?
False
Suppose 4*i = 3*b + 91061, 13*i - 4*b + 22789 = 14*i. Is i prime?
True
Is (70084624/27)/16 - 4/(-54) composite?
True
Let u(g) = 88*g**2 + 30*g - 47. Let p = -296 + 316. Is u(p) a prime number?
True
Suppose 566*b - 226914099 = -33598980 + 31506307. Is b composite?
False
Let g(c) = 8*c**2 + 9. Let u be g(3). Let s be 18/u - (-102)/27. Suppose 4*a - 350 = -2*h, -4*a + 101 = -3*a - s*h. Is a prime?
True
Suppose 2 = 25*l - 24*l. Suppose 4*t = 4*n - 3884, -l*n - 4*t + 1912 = -0*n. Let o = n + 767. Is o composite?
False
Suppose 3556*j - 5*k = 3561*j - 19062000, 0 = 3*j - 5*k - 11437192. Is j a prime number?
True
Let p = 205 - 205. Suppose p = 4*c + 16*c - 19180. Is c a prime number?
False
Let k be (-2)/8 + 93/4. Let h(u) = 61*u + 12 - 192*u - 44 + u**3 + 115*u - 19*u**2 - u**2. Is h(k) a composite number?
False
Let g = 4716 + -2658. Suppose 6*z - g = 38724. Is z a prime number?
False
Let d(y) = 102*y**2 + 112*y - 3. Is d(-10) a prime number?
False
Let y = 106 + -105. Is (-30639)/(-21) - y*-1 - 3 a prime number?
False
Let p(z) = 7*z - 58. Let x be p(10). Is x/3 - (-19836)/12 a composite number?
False
Suppose -60574416 = -816*r + 648*r. Is r a composite number?
True
Suppose -2 = 11*p - 16*p - 4*s, -4*p = -4*s - 16. Let c be 2/((-3)/(31794/(-4))). Suppose -h = 5, c = p*g + 2*h + h. Is g a composite number?
False
Let b(l) = -541*l - 3330. Is b(-23) composite?
True
Let b(o) = 135*o**2 - o - 1. Suppose -j + 4 = 2*v, 4*j - 2*v + 14 = -0*j. Is b(j) a prime number?
True
Let b be -3 + (-4 - (-4 - 6)). Suppose -24 = -b*x - 4*j + 1, 12 = 3*j. Suppose -x*t = 4*n - 5095, 0 = t + t + 4*n - 3402. Is t a composite number?
False
Let q(g) = -122587*g + 1657. Is q(-6) prime?
True
Let v be (-5 + -1 + 0)/(-1 + -1). Suppose v*g = 15, 6*g - 25 = 3*r + g. Suppose -4*a + 3*a + 157 = r. Is a a composite number?
False
Let f(u) = u**2 - 4*u + 7123. Let p be f(0). Let j = p + -3464. Is j a prime number?
True
Let b = 23 + -14. Suppose -31*z + 62 = -62. Is 614 - (1/z + b/12) composite?
False
Suppose -4 - 6 = -y. Suppose 20 = -y*d - 0. Let w(x) = 239*x**2 - 2*x - 2. Is w(d) a prime number?
False
Suppose q = 5*q - 3*w - 13521, 2*q + 4*w = 6766. Let l = q - 1688. Is l a composite number?
False
Suppose 21 = 4*r + 5*m, 5 = -3*r + 4*m + 13. Suppose 3*p - w - 6606 = 0, r*p + 4*w - 8815 = 3*w. Is p composite?
False
Suppose 0 = -l - 3, -2*o + l = 4*l + 11. Is (-6980)/(-5) - (0 + o/1) composite?
True
Suppose -15*b + 169048 = -4*b. Let o = b + -6661. Is o a prime number?
True
Let t be (-487 + 2)*2/2. Let p = 821 - t. Suppose 2*w = -v + 2087, 3*v - p = -5*w + 3912. Is w composite?
True
Is (-69)/184 - (-1490163)/8 - (20 + -12) a composite number?
True
Let n(w) = 7 - 81*w + 32*w + 46*w + 2295*w**2. Is n(2) composite?
False
Let y(b) = 243*b**2 + 35*b + 185. Is y(19) a composite number?
True
Let d(m) = -6*m**3 - 6*m**2 - m - 5. Let r(f) = -f**3 + f**2 + f. Let k = -15 - -14. Let h(p) = k*d(p) + 5*r(p). Is h(-6) a prime number?
True
Let f be (-4 - -3 - 1) + 3. Let z(u) = -2*u + 2*u**2 - 3 - 1 - 8*u**3 + 0 - f. Is z(-5) composite?
True
Suppose 0 = 222*j - 345703 - 72582 + 38887. Let z = 137 + -83. Suppo